{"id":89,"date":"2014-06-12T14:16:12","date_gmt":"2014-06-12T12:16:12","guid":{"rendered":"http:\/\/build.gambylzoone.com\/?page_id=89"},"modified":"2018-05-24T19:45:47","modified_gmt":"2018-05-24T18:45:47","slug":"tierhalterhaftpflichtversicherung","status":"publish","type":"page","link":"http:\/\/gambylzoone.com\/?page_id=89","title":{"rendered":"Tierhalter &#8211; Haftpflichtversicherung"},"content":{"rendered":"<p> <span style=\"font-family:Arial; font-size:10px\">powered by finanzen.de<\/span><\/p>\n<p><a href=\"http:\/\/gambylzoone.com\/?page_id=675\" rel=\"noopener\" target=\"_blank\">AGB und Datenschutz von finanzen.de<\/a><\/p>\n<p><center><\/p>\n<div id=\"fde-slot-am-1405950464\"><\/div>\n<p><script type=\"text\/javascript\">\/* <![CDATA[ *\/ var fde = fde || []; fde.push([{ \"slotId\" : \"1405950464\" },{ \"siteKey\" : \"gambylzoonecom\" },{ \"designId\" : \"8916\" },{ \"contentType\" : \"tariffCalcGwt\" },{ \"productId\" : \"15\" },{ \"affiliateCampaignCode\" : \"\" } ]); var fdeJsHost = ((\"https:\" == document.location.protocol) ? \"https:\/\/\" : \"http:\/\/\"); document.write(unescape(\"%3Cscript src='\" + fdeJsHost + \"www.finanzen.de\/s\/cms\/js\/fdeam\/fdeam.nocache.js' type='text\/javascript'%3E%3C\/script%3E\"));\/* ]]> *\/<\/script><iframe src=\"javascript:''\" id='__gwt_historyFrame' style='position:absolute;width:0;height:0;border:0'><\/iframe><\/center><\/p>\n<p><span style=\"color: #000080;\"><strong>Tierhalterhaftpflichtversicherung<\/strong><\/span><\/p>\n<p>Tierhalter, gerade, wenn sie gr\u00f6\u00dfere Tiere haben, sollte sich auch im Klaren dar\u00fcber sein, dass etwas passieren kann. Dazu kommt, dass Tierhalter f\u00fcr die Sch\u00e4den, die vom Tier angerichtet werden, haftbar gemacht werden. Das ergibt sich aus der Gesetzeslage. Wenn sich nun ein Hund von der Leine losrei\u00dft, in ein Auto l\u00e4uft und einen Unfall verursacht, dann kann das f\u00fcr den Tierhalter sehr teuer werden.<\/p>\n<p>F\u00fcr diesen Fall gibt es aber eine gute Absicherung, n\u00e4mlich die so genannte Tierhalterhaftpflichtversicherung. Die Tierhalterhaftpflichtversicherung beinhaltet dann eine bestimmte Deckungssumme, bis zu der dann die Schadenanspr\u00fcche Dritter versichert sind.<!--more--><\/p>\n<p>F\u00fcr kleinere Tiere ist eine solche Tierhalterhaftpflichtversicherung nicht n\u00f6tig, denn sie sind meist in der regul\u00e4ren Haftpflichtversicherung mit versichert. Aber, das sollten Sie erst \u00fcberpr\u00fcfen.<\/p>\n<p>Aber bei den meisten Tieren sollte man \u00fcber eine Tierhalterhaftpflichtversicherung unbedingt nachdenken, denn die Folgen, wenn tats\u00e4chlich etwas passiert, sind vorher gar nicht absehbar und k\u00f6nnen bei Personenschaden zum Beispiel in Millionenh\u00f6he gehen.<br \/>\nGenie\u00dfen Sie weiterhin das Leben mit Ihrem Tier, aber gehen Sie trotzdem auf \u201eNummer sicher\u201c mit einer Tierhalterhaftpflichtversicherung.<\/p>\n","protected":false},"excerpt":{"rendered":"<p>powered by finanzen.de AGB und Datenschutz von finanzen.de Tierhalterhaftpflichtversicherung Tierhalter, gerade, wenn sie gr\u00f6\u00dfere Tiere haben, sollte sich auch im Klaren dar\u00fcber sein, dass etwas passieren kann. Dazu kommt, dass Tierhalter f\u00fcr die Sch\u00e4den,&#46;&#46;&#46;<\/p>\n","protected":false},"author":2,"featured_media":0,"parent":0,"menu_order":0,"comment_status":"open","ping_status":"open","template":"","meta":[],"_links":{"self":[{"href":"http:\/\/gambylzoone.com\/index.php?rest_route=\/wp\/v2\/pages\/89"}],"collection":[{"href":"http:\/\/gambylzoone.com\/index.php?rest_route=\/wp\/v2\/pages"}],"about":[{"href":"http:\/\/gambylzoone.com\/index.php?rest_route=\/wp\/v2\/types\/page"}],"author":[{"embeddable":true,"href":"http:\/\/gambylzoone.com\/index.php?rest_route=\/wp\/v2\/users\/2"}],"replies":[{"embeddable":true,"href":"http:\/\/gambylzoone.com\/index.php?rest_route=%2Fwp%2Fv2%2Fcomments&post=89"}],"version-history":[{"count":11,"href":"http:\/\/gambylzoone.com\/index.php?rest_route=\/wp\/v2\/pages\/89\/revisions"}],"predecessor-version":[{"id":4044,"href":"http:\/\/gambylzoone.com\/index.php?rest_route=\/wp\/v2\/pages\/89\/revisions\/4044"}],"wp:attachment":[{"href":"http:\/\/gambylzoone.com\/index.php?rest_route=%2Fwp%2Fv2%2Fmedia&parent=89"}],"curies":[{"name":"wp","href":"https:\/\/api.w.org\/{rel}","templated":true}]}}