{"id":87,"date":"2014-06-12T14:15:44","date_gmt":"2014-06-12T12:15:44","guid":{"rendered":"http:\/\/build.gambylzoone.com\/?page_id=87"},"modified":"2018-05-24T19:43:47","modified_gmt":"2018-05-24T18:43:47","slug":"private-haftpflichtversicherung","status":"publish","type":"page","link":"http:\/\/gambylzoone.com\/?page_id=87","title":{"rendered":"Private Haftpflichtversicherung"},"content":{"rendered":"<p> <span style=\"font-family:Arial; font-size:10px\">powered by finanzen.de<\/span><\/p>\n<p><a href=\"http:\/\/gambylzoone.com\/?page_id=675\" rel=\"noopener\" target=\"_blank\">AGB und Datenschutz von finanzen.de<\/a><\/p>\n<p><center><\/p>\n<div id=\"fde-slot-am-1405949316\"><\/div>\n<p><script type=\"text\/javascript\">\/* <![CDATA[ *\/ var fde = fde || []; fde.push([{ \"slotId\" : \"1405949316\" },{ \"siteKey\" : \"gambylzoonecom\" },{ \"designId\" : \"8916\" },{ \"contentType\" : \"tariffCalcGwt\" },{ \"productId\" : \"12\" },{ \"affiliateCampaignCode\" : \"\" } ]); var fdeJsHost = ((\"https:\" == document.location.protocol) ? \"https:\/\/\" : \"http:\/\/\"); document.write(unescape(\"%3Cscript src='\" + fdeJsHost + \"www.finanzen.de\/s\/cms\/js\/fdeam\/fdeam.nocache.js' type='text\/javascript'%3E%3C\/script%3E\"));\/* ]]> *\/<\/script><iframe src=\"javascript:''\" id='__gwt_historyFrame' style='position:absolute;width:0;height:0;border:0'><\/iframe><\/center><\/p>\n<p><strong><span style=\"color: #000080;\">Private Haftpflichtversicherung<\/span><\/strong><\/p>\n<p>Eine Haftpflichtversicherung sichert grunds\u00e4tzlich den Versicherungsnehmer gegen Anspr\u00fcche Dritter ab. Wenn der Versicherte zu Schadensersatzanspr\u00fcchen verpflichtet ist, dann springt die Haftpflichtversicherung ein. Bei unbegr\u00fcndeten Anspr\u00fcchen finanziert die Haftpflichtversicherung dann au\u00dferdem deren Abwehr.<\/p>\n<p>Zu den Haftpflichtversicherungen geh\u00f6ren: Privathaftpflichtversicherung, Kfz- Haftpflichtversicherung, Tierhalterhaftpflichtversicherung, Diensthaftpflichtversicherung, Haus- und Grundbesitzerhaftpflichtversicherung, Gew\u00e4sserschadenhaftpflicht, Wassersporthaftpflicht, Jagdhaftpflicht, Bauherrenhaftpflichtversicherung und noch einige andere. Sicherlich treffen nicht alle Haftpflichtversicherungen auf jeden Menschen zu, dennoch sollte man genauestens pr\u00fcfen, welche Eventualit\u00e4ten man mit welcher Versicherung abdeckt und gegebenenfalls die entsprechende Haftpflichtversicherung abschlie\u00dfen.<!--more--><\/p>\n<p>F\u00fcr den privaten Haushalt ist eine Privat-Haftpflichtversicherung auf jeden Fall empfehlenswert, da ansonsten eventuelle Sch\u00e4den aus eigener Tasche bezahlt werden m\u00fcssen, und zwar in voller H\u00f6he. Auch die vertraglich festgelegten Versicherungssummen sollte in regelm\u00e4\u00dfigen Abst\u00e4nden angeglichen werden.<\/p>\n<p>Auch oder besonders im Interesse Anderer sollte hierbei gedacht werden. Stellen Sie sich vor, jemand ist Schuld an einem Schaden, den Sie erlitten haben. Derjenige hat aber keine Haftpflichtversicherung und er besitzt kein Geld. Was dann? Hier entsteht ein finanzielles Risiko, dass nicht zu untersch\u00e4tzen ist. F\u00fcr diesen Fall bieten einige Haftpflichtversicherungen schon Sondertarife an, die in solchen F\u00e4llen greifen w\u00fcrden. Anders herum gesehen k\u00f6nnten Sie jemanden sch\u00e4digen, f\u00fcr den dann das finanzielle Loch entsteht, wenn Sie nicht zahlen k\u00f6nnen oder keine Haftpflichtversicherung haben. Denken Sie dar\u00fcber in aller Ruhe nach. Eine Haftpflichtversicherung braucht jeder!<\/p>\n","protected":false},"excerpt":{"rendered":"<p>powered by finanzen.de AGB und Datenschutz von finanzen.de Private Haftpflichtversicherung Eine Haftpflichtversicherung sichert grunds\u00e4tzlich den Versicherungsnehmer gegen Anspr\u00fcche Dritter ab. Wenn der Versicherte zu Schadensersatzanspr\u00fcchen verpflichtet ist, dann springt die Haftpflichtversicherung ein. Bei unbegr\u00fcndeten&#46;&#46;&#46;<\/p>\n","protected":false},"author":2,"featured_media":0,"parent":0,"menu_order":0,"comment_status":"open","ping_status":"open","template":"","meta":[],"_links":{"self":[{"href":"http:\/\/gambylzoone.com\/index.php?rest_route=\/wp\/v2\/pages\/87"}],"collection":[{"href":"http:\/\/gambylzoone.com\/index.php?rest_route=\/wp\/v2\/pages"}],"about":[{"href":"http:\/\/gambylzoone.com\/index.php?rest_route=\/wp\/v2\/types\/page"}],"author":[{"embeddable":true,"href":"http:\/\/gambylzoone.com\/index.php?rest_route=\/wp\/v2\/users\/2"}],"replies":[{"embeddable":true,"href":"http:\/\/gambylzoone.com\/index.php?rest_route=%2Fwp%2Fv2%2Fcomments&post=87"}],"version-history":[{"count":12,"href":"http:\/\/gambylzoone.com\/index.php?rest_route=\/wp\/v2\/pages\/87\/revisions"}],"predecessor-version":[{"id":4041,"href":"http:\/\/gambylzoone.com\/index.php?rest_route=\/wp\/v2\/pages\/87\/revisions\/4041"}],"wp:attachment":[{"href":"http:\/\/gambylzoone.com\/index.php?rest_route=%2Fwp%2Fv2%2Fmedia&parent=87"}],"curies":[{"name":"wp","href":"https:\/\/api.w.org\/{rel}","templated":true}]}}