{"id":477,"date":"2014-06-23T10:39:39","date_gmt":"2014-06-23T08:39:39","guid":{"rendered":"http:\/\/build.gambylzoone.com\/?page_id=477"},"modified":"2018-05-24T19:41:34","modified_gmt":"2018-05-24T18:41:34","slug":"englische-lebensversicherungen","status":"publish","type":"page","link":"http:\/\/gambylzoone.com\/?page_id=477","title":{"rendered":"Englische Lebensversicherungen"},"content":{"rendered":"<p><span style=\"font-family: Arial; font-size: 10px;\">powered by <\/span><\/p>\n<p><strong><span style=\"color: #000080;\">Englische Lebensversicherung<\/span><\/strong><\/p>\n<p>Englische Lebensversicherungen erfreuen sich immer gr\u00f6\u00dfer werdender Beliebtheit. Und das hat auch seine Gr\u00fcnde, denn bei englischen Lebensversicherungen gibt es neben der eigentlichen Versicherung und der damit verbundenen Sicherheit auch sehr hohe Renditen. Die britische Finanzaufsicht l\u00e4sst den Anlageprofis der Versicherungen freie Hand f\u00fcr deren Investitionen, und die sch\u00f6pfen aus jahrzehntelanger Erfahrung am gr\u00f6\u00dften Finanzplatz Europas. Englische Lebensversicherungen erf\u00fcllen auch die deutschen Standards, das hei\u00dft, man darf sie hier anbieten und verkaufen, sehr zum Gl\u00fcck von Versicherten, die mit den englischen Lebensversicherung eine Top \u2013 Geldanlage erwerben. <!--more-->Englische Versicherer erwirtschaften f\u00fcr ihre Kunde mit einer Lebensversicherung im Schnitt ca. 10% Rendite, und das trotz des schlechten Aktienmarktes, den man seit Jahren beobachten kann. Hier sind eben absolute Profis am Werk und das schon seit mehr als 100 Jahren.<\/p>\n<p>Ein weiterer Vorteil einer englischen Lebensversicherung sind die niedrigen Verwaltungskosten und Geb\u00fchren. Also, wer eine gute und sichere Geldanlage sucht und dabei gut verdienen m\u00f6chte, der sollte sich \u00fcber die englische Lebensversicherung informieren. Es lohnt sich!<\/p>\n","protected":false},"excerpt":{"rendered":"<p>powered by Englische Lebensversicherung Englische Lebensversicherungen erfreuen sich immer gr\u00f6\u00dfer werdender Beliebtheit. Und das hat auch seine Gr\u00fcnde, denn bei englischen Lebensversicherungen gibt es neben der eigentlichen Versicherung und der damit verbundenen Sicherheit auch&#46;&#46;&#46;<\/p>\n","protected":false},"author":2,"featured_media":0,"parent":0,"menu_order":0,"comment_status":"open","ping_status":"open","template":"","meta":[],"_links":{"self":[{"href":"http:\/\/gambylzoone.com\/index.php?rest_route=\/wp\/v2\/pages\/477"}],"collection":[{"href":"http:\/\/gambylzoone.com\/index.php?rest_route=\/wp\/v2\/pages"}],"about":[{"href":"http:\/\/gambylzoone.com\/index.php?rest_route=\/wp\/v2\/types\/page"}],"author":[{"embeddable":true,"href":"http:\/\/gambylzoone.com\/index.php?rest_route=\/wp\/v2\/users\/2"}],"replies":[{"embeddable":true,"href":"http:\/\/gambylzoone.com\/index.php?rest_route=%2Fwp%2Fv2%2Fcomments&post=477"}],"version-history":[{"count":5,"href":"http:\/\/gambylzoone.com\/index.php?rest_route=\/wp\/v2\/pages\/477\/revisions"}],"predecessor-version":[{"id":4038,"href":"http:\/\/gambylzoone.com\/index.php?rest_route=\/wp\/v2\/pages\/477\/revisions\/4038"}],"wp:attachment":[{"href":"http:\/\/gambylzoone.com\/index.php?rest_route=%2Fwp%2Fv2%2Fmedia&parent=477"}],"curies":[{"name":"wp","href":"https:\/\/api.w.org\/{rel}","templated":true}]}}